?
False
Is 104 a factor of 55081337?
False
Does 1260 divide 28401795?
False
Is 148022210 a multiple of 74?
False
Does 89 divide 42381027?
False
Does 13 divide 12373920?
True
Is 22184874 a multiple of 170?
False
Is 136122649 a multiple of 104?
False
Is 62 a factor of 99161961?
False
Is 48208389 a multiple of 2731?
False
Is 86368707 a multiple of 8?
False
Does 105 divide 37264525?
False
Does 349 divide 58979953?
True
Does 155 divide 5991680?
True
Does 54 divide 1537201314?
True
Does 5 divide 32272076?
False
Does 8 divide 336171984?
True
Is 596 a factor of 92090940?
True
Is 52 a factor of 26176791?
False
Is 214358870 a multiple of 19?
False
Is 204548832 a multiple of 114?
True
Is 869305404 a multiple of 68?
True
Is 87921587 a multiple of 367?
False
Does 193 divide 2426512765?
True
Is 103 a factor of 5838368?
False
Is 89 a factor of 11011539?
False
Is 143 a factor of 5104540?
False
Is 1921 a factor of 27028470?
True
Does 5 divide 19010035?
True
Is 349737280 a multiple of 2018?
False
Does 1071 divide 247984695?
True
Is 18 a factor of 10183734?
True
Is 122 a factor of 1418534992?
True
Does 516 divide 59562396?
True
Does 9 divide 2270059406?
False
Is 94 a factor of 1473619891?
False
Is 40228225 a multiple of 95?
True
Is 24 a factor of 22754736?
True
Does 3 divide 127474901?
False
Does 75 divide 55718325?
True
Is 31092272 a multiple of 309?
False
Does 935 divide 58829265?
True
Is 2438242 a multiple of 34?
True
Is 107947640 a multiple of 8?
True
Is 17971320 a multiple of 120?
True
Is 76 a factor of 76465583?
False
Is 271 a factor of 8561974?
True
Is 34 a factor of 135526641?
False
Is 160617624 a multiple of 1772?
True
Is 39033978 a multiple of 1026?
False
Does 1147 divide 3978481403?
False
Does 18 divide 40875389?
False
Is 133 a factor of 51108841?
True
Is 28 a factor of 29745688?
True
Is 118023152 a multiple of 13?
True
Is 6 a factor of 27284187?
False
Is 88127050 a multiple of 2?
True
Is 223496592 a multiple of 22?
True
Is 509 a factor of 48582445?
False
Does 104 divide 4963816?
True
Does 16 divide 61151292?
False
Is 2046 a factor of 25587276?
True
Is 10184570 a multiple of 2505?
False
Does 98 divide 176467718?
True
Does 350 divide 30634800?
True
Does 59 divide 36424535?
True
Is 6435862125 a multiple of 539?
True
Is 4952 a factor of 535581345?
False
Is 2268163545 a multiple of 608?
False
Does 506 divide 26104034?
True
Does 80 divide 14023386?
False
Is 4062591 a multiple of 470?
False
Does 711 divide 91521529?
False
Does 2215 divide 21710635?
False
Is 1038905625 a multiple of 125?
True
Does 660 divide 395401380?
True
Is 131 a factor of 227931616?
True
Is 4429163 a multiple of 143?
False
Does 775 divide 4066817150?
True
Is 862 a factor of 697481351?
False
Does 22 divide 791318358?
False
Is 1041897893 a multiple of 9?
False
Does 5631 divide 3130695225?
True
Is 272 a factor of 190666832?
True
Is 155 a factor of 214453779?
False
Is 15787970 even?
True
Is 11 a factor of 30183485?
False
Is 484 a factor of 40236372?
True
Does 237 divide 15036714?
False
Is 3597750 a multiple of 75?
True
Does 3387 divide 502898373?
True
Is 2815 a factor of 1163519043?
False
Does 655 divide 15148274?
False
Is 153504290 a multiple of 24?
False
Is 135 a factor of 17038499?
False
Is 4369 a factor of 276557700?
True
Does 62 divide 599076685?
False
Is 235995181 a multiple of 171?
False
Does 6754 divide 192921822?
False
Is 8 a factor of 7509334?
False
Does 100 divide 4211100?
True
Is 5258305 a multiple of 215?
False
Is 97479459 a multiple of 11?
True
Does 1858 divide 389587884?
False
Does 23 divide 10164023?
False
Is 31 a factor of 226504765?
False
Is 1473 a factor of 34926303?
True
Is 58 a factor of 29700408?
True
Is 2560391721 a multiple of 5215?
False
Is 1193096554 a multiple of 1009?
False
Does 11 divide 25136055?
False
Is 1082211524 a multiple of 103?
True
Is 997863875 a multiple of 425?
True
Is 875 a factor of 14004375?
True
Does 458 divide 1224961063?
False
Does 91 divide 48880237?
False
Is 33 a factor of 1462929686?
False
Is 1153 a factor of 141551380?
False
Is 308534203 a multiple of 1793?
False
Does 992 divide 83174240?
True
Is 3395 a factor of 174560715?
True
Is 35 a factor of 78120?
True
Does 166 divide 43140910?
True
Does 2748 divide 428687586?
False
Is 1890 a factor of 676931850?
True
Is 87247069 a multiple of 247?
True
Does 1566 divide 302033862?
False
Does 1570 divide 91747952?
False
Is 2767 a factor of 26992085?
True
Is 416476042 a multiple of 15?
False
Does 2748 divide 107115751?
False
Does 26 divide 20796516?
True
Is 42 a factor of 108387378?
False
Is 153 a factor of 13209658?
False
Does 39 divide 752544?
True
Does 276 divide 145854418?
False
Is 55 a factor of 16318990?
False
Does 1131 divide 67394220?
False
Does 173 divide 11280581?
False
Is 1488410 a multiple of 10?
True
Does 160 divide 4182302?
False
Is 68678910 a multiple of 17?
False
Is 7 a factor of 54809895?
True
Does 92 divide 13255912?
True
Is 134389210 a multiple of 22?
False
Does 6020 divide 176109080?
True
Is 602701599 a multiple of 41?
True
Is 34 a factor of 332429908?
False
Is 30 a factor of 22393246?
False
Does 229 divide 40679789?
True
Does 33 divide 1075364?
False
Is 2732503836 a multiple of 12?
True
Is 15708384 a multiple of 144?
True
Does 5 divide 19410824?
False
Is 732 a factor of 6912886688?
False
Does 1737 divide 453581029?
False
Does 2164 divide 567368340?
True
Is 17 a factor of 25201362?
False
Does 120 divide 80646720?
True
Is 462746131 a multiple of 881?
True
Is 829806336 a multiple of 256?
True
Is 26 a factor of 2891096?
True
Is 240 a factor of 183872?
False
Does 46 divide 1415686?
False
Is 809 a factor of 1278114830?
True
Does 135 divide 344634885?
True
Is 228259741 a multiple of 163?
False
Is 433458375 a multiple of 105?
True
Does 2268 divide 954055930?
False
Is 908858076 a multiple of 588?
True
Is 106129166 a multiple of 857?
True
Does 28 divide 57415372?
True
Does 37 divide 6635543?
True
Is 1682 a factor of 251911458?
True
Is 23 a factor of 5756856461?
True
Is 42 a factor of 18945906?
True
Is 2052 a factor of 4231932420?
False
Does 2289 divide 597836442?
True
Is 30552536 a multiple of 479?
True
Does 10445 divide 1531984996?
False
Is 167303620 a multiple of 44?
True
Is 109018948 a multiple of 821?
True
Is 5262157 a multiple of 31?
True
Does 5054 divide 1871051448?
True
Does 375 divide 11451362?
False
Is 16 a factor of 354767453?
False
Is 2657833128 a multiple of 104?
False
Does 389 divide 404732?
False
Is 46 a factor of 157434396?
False
Does 14 divide 244832472?
False
Does 20 divide 52252764?
False
Is 1142924818 a multiple of 7?
True
Is 182 a factor of 32328842?
True
Is 3372279920 a multiple of 5630?
True
Is 3132 a factor of 65527704?
True
Does 424 divide 127133803?
False
Is 31 a factor of 173078696?
False
Does 23 divide 1010048818?
True
Does 440 divide 8269311?
False
Is 52 a factor of 862235495?
False
Is 1142 a factor of 1364911711?
False
Is 33243350 a multiple of 3325?
True
Is 29866691 a multiple of 76?
False
Does 448 divide 116733120?
True
Is 44983081 a multiple of 1573?
True
Is 36 a factor of 129731148?
True
Does 9 divide 6718135?
False
Is 6 a factor of 49743542?
False
Does 4254 divide 5249436?
True
Does 96 divide 1197736?
False
Is 25 a factor of 127191033?
False
Is 141 a factor of 17260656?
True
Is 980413192 a multiple of 682?
True
Is 11006100 a multiple of 3150?
True
Does 14 divide 114788674?
True
Is 800804026 a multiple of 3181?
True
Is 104943344 a multiple of 23?
False
Is 870397528 a multiple of 11?
True
Does 18 divide 260671695?
False
Is 632 a factor of 42710560?
True
Is 1561 a factor of 54558511?
True
Is 819595238 a multiple of 91?
False
Is 56392609 a multiple of 89?
False
Does 3 divide 684640173?
True
Is 227 a factor of 12841163?
True
Is 9 a factor of 15966479?
False
Is 126 a factor of 63937314?
True
Is 10 a factor of 109891477?
False
Is 181255712 a multiple of 1697?
False
Is 15 a factor of 133633425?
True
Does 70 divide 1919478930?
False
Does 60 divide 46941324?
False
Is 22431668 a multiple of 69?
False
Is 3257 a factor of 3738281426?
False
Does 22 divide 60972340?
True
Is 447 a factor of 14700560?
False
Is 137020861 a multiple of 604?
False
Does 146 divide 5436456?
True
Is 67789404 a multiple of 514?
True
Is 319544755 a multiple of 69?
False
Is 105550200 a multiple of 